 factors of 10023.
3, 13, 257
What are the prime factors of 10266?
2, 3, 29, 59
List the prime factors of 1384.
2, 173
List the prime factors of 27264.
2, 3, 71
What are the prime factors of 2444?
2, 13, 47
List the prime factors of 38871.
3, 7, 617
List the prime factors of 27252.
2, 3, 757
List the prime factors of 41227.
41227
What are the prime factors of 2357?
2357
What are the prime factors of 1506?
2, 3, 251
List the prime factors of 96822.
2, 3, 11, 163
What are the prime factors of 779?
19, 41
What are the prime factors of 32545?
5, 23, 283
List the prime factors of 723.
3, 241
What are the prime factors of 28184?
2, 13, 271
What are the prime factors of 40394?
2, 19, 1063
List the prime factors of 433.
433
What are the prime factors of 28777?
7, 4111
What are the prime factors of 5376?
2, 3, 7
List the prime factors of 1461.
3, 487
What are the prime factors of 23083?
41, 563
What are the prime factors of 7611?
3, 43, 59
List the prime factors of 55.
5, 11
What are the prime factors of 1683?
3, 11, 17
What are the prime factors of 6694?
2, 3347
List the prime factors of 2090.
2, 5, 11, 19
List the prime factors of 7567.
7, 23, 47
What are the prime factors of 318?
2, 3, 53
What are the prime factors of 6391?
7, 11, 83
What are the prime factors of 2368?
2, 37
What are the prime factors of 5988?
2, 3, 499
List the prime factors of 1009.
1009
What are the prime factors of 124205?
5, 24841
List the prime factors of 1265.
5, 11, 23
List the prime factors of 3113.
11, 283
What are the prime factors of 120215?
5, 24043
List the prime factors of 1286.
2, 643
List the prime factors of 950.
2, 5, 19
List the prime factors of 99.
3, 11
List the prime factors of 460.
2, 5, 23
List the prime factors of 63492.
2, 3, 11, 13, 37
What are the prime factors of 21525?
3, 5, 7, 41
What are the prime factors of 113?
113
What are the prime factors of 6648?
2, 3, 277
List the prime factors of 8994.
2, 3, 1499
What are the prime factors of 5203?
11, 43
List the prime factors of 6102.
2, 3, 113
What are the prime factors of 9731?
37, 263
List the prime factors of 22436.
2, 71, 79
List the prime factors of 47719.
7, 17, 401
What are the prime factors of 3389?
3389
What are the prime factors of 2344?
2, 293
List the prime factors of 26711.
26711
List the prime factors of 95322.
2, 3, 15887
What are the prime factors of 177927?
3, 127, 467
List the prime factors of 22308.
2, 3, 11, 13
List the prime factors of 51649.
13, 29, 137
List the prime factors of 30766.
2, 15383
What are the prime factors of 13907?
13907
What are the prime factors of 1509?
3, 503
What are the prime factors of 27178?
2, 107, 127
What are the prime factors of 1803?
3, 601
What are the prime factors of 420?
2, 3, 5, 7
What are the prime factors of 35200?
2, 5, 11
What are the prime factors of 2975?
5, 7, 17
List the prime factors of 488.
2, 61
List the prime factors of 5438.
2, 2719
What are the prime factors of 18124?
2, 23, 197
List the prime factors of 447.
3, 149
List the prime factors of 2166.
2, 3, 19
List the prime factors of 2169.
3, 241
List the prime factors of 1461.
3, 487
What are the prime factors of 53050?
2, 5, 1061
List the prime factors of 107800.
2, 5, 7, 11
List the prime factors of 1197.
3, 7, 19
List the prime factors of 658.
2, 7, 47
What are the prime factors of 275?
5, 11
What are the prime factors of 2831?
19, 149
List the prime factors of 5781.
3, 41, 47
What are the prime factors of 5716?
2, 1429
What are the prime factors of 63515?
5, 12703
What are the prime factors of 331?
331
List the prime factors of 744.
2, 3, 31
What are the prime factors of 11749?
31, 379
List the prime factors of 87.
3, 29
List the prime factors of 18246.
2, 3, 3041
What are the prime factors of 210?
2, 3, 5, 7
What are the prime factors of 21099?
3, 13, 541
List the prime factors of 1321.
1321
List the prime factors of 116951.
107, 1093
What are the prime factors of 20390?
2, 5, 2039
What are the prime factors of 1031?
1031
List the prime factors of 1464.
2, 3, 61
List the prime factors of 1283.
1283
List the prime factors of 1305.
3, 5, 29
List the prime factors of 2306.
2, 1153
List the prime factors of 39387.
3, 19, 691
List the prime factors of 45984.
2, 3, 479
List the prime factors of 2999.
2999
What are the prime factors of 6919?
11, 17, 37
What are the prime factors of 271?
271
List the prime factors of 409.
409
What are the prime factors of 27?
3
List the prime factors of 3262.
2, 7, 233
What are the prime factors of 25799?
25799
What are the prime factors of 15482?
2, 7741
What are the prime factors of 18161?
11, 13, 127
List the prime factors of 31127.
17, 1831
What are the prime factors of 4899?
3, 23, 71
List the prime factors of 2421.
3, 269
List the prime factors of 120411.
3, 17, 787
What are the prime factors of 811?
811
What are the prime factors of 134?
2, 67
What are the prime factors of 8678?
2, 4339
List the prime factors of 11675.
5, 467
List the prime factors of 3705.
3, 5, 13, 19
List the prime factors of 878.
2, 439
List the prime factors of 127332.
2, 3, 131
List the prime factors of 1987.
1987
What are the prime factors of 21619?
13, 1663
What are the prime factors of 6369?
3, 11, 193
List the prime factors of 2896.
2, 181
What are the prime factors of 3079?
3079
What are the prime factors of 187101?
3, 20789
List the prime factors of 7873.
7873
What are the prime factors of 22333?
23, 971
What are the prime factors of 98808?
2, 3, 23, 179
What are the prime factors of 5410?
2, 5, 541
What are the prime factors of 30009?
3, 7, 1429
List the prime factors of 1617.
3, 7, 11
List the prime factors of 33053.
33053
List the prime factors of 85707.
3, 89, 107
List the prime factors of 878.
2, 439
List the prime factors of 1022.
2, 7, 73
List the prime factors of 889.
7, 127
What are the prime factors of 1815?
3, 5, 11
What are the prime factors of 10442?
2, 23, 227
What are the prime factors of 12985?
5, 7, 53
What are the prime factors of 959?
7, 137
What are the prime factors of 2198?
2, 7, 157
List the prime factors of 33402.
2, 3, 19, 293
What are the prime factors of 65881?
65881
What are the prime factors of 14203?
7, 2029
What are the prime factors of 927?
3, 103
List the prime factors of 11733.
3, 3911
List the prime factors of 32281.
19, 1699
What are the prime factors of 5132?
2, 1283
List the prime factors of 28053.
3, 1039
What are the prime factors of 132959?
31, 4289
What are the prime factors of 64096?
2, 2003
List the prime factors of 55406.
2, 13, 2131
List the prime factors of 27324.
2, 3, 11, 23
What are the prime factors of 107768?
2, 19, 709
What are the prime factors of 491?
491
List the prime factors of 3661.
7, 523
List the prime factors of 43.
43
List the prime factors of 1339.
13, 103
What are the prime factors of 9175?
5, 367
List the prime factors of 597.
3, 199
What are the prime factors of 9780?
2, 3, 5, 163
List the prime factors of 1878.
2, 3, 313
What are the prime factors of 459?
3, 17
List the prime factors of 11875.
5, 19
List the prime factors of 14641.
11
List the prime factors of 12193.
89, 137
List the prime factors of 1564.
2, 17, 23
List the prime factors of 15725.
5, 17, 37
What are the prime factors of 4203?
3, 467
What are the prime factors of 9360?
2, 3, 5, 13
List the prime factors of 17877.
3, 59, 101
What are the prime factors of 18646?
2, 9323
What are the prime factors of 42453?
3, 53, 89
List the prime factors of 7411.
7411
What are the prime factors of 2963?
2963
List the prime factors of 24147.
3, 2683
List the prime factors of 8526.
2, 3, 7, 29
What are the prime factors of 338?
2, 13
What are the prime factors of 31260?
2, 3, 5, 521
What are the prime factors of 17392?
2, 1087
What are the prime factors of 2450?
2, 5, 7
List the prime factors of 939.
3, 313
What are the prime factors of 101?
101
List the prime factors of 1220.
2, 5, 61
List the prime factors of 1597.
1597
List the prime factors of 18807.
3, 6269
List the prime factors of 588.
2, 3, 7
What are the prime factors of 1878?
2, 3, 313
List the prime factors of 98046.
2, 3, 13, 419
List the prime factors of 729.
3
What are the prime factors of 4687?
43, 109
List the prime factors of 1061.
1061
List the prime factors of 2854.
2, 1427
What are th